11, 32280043
What are the prime factors of 3102821976?
2, 3, 129284249
What are the prime factors of 2652401862?
2, 3, 11, 19, 26113
List the prime factors of 89964334.
2, 449, 100183
What are the prime factors of 1320035908?
2, 2557, 129061
List the prime factors of 236443496.
2, 23, 29, 73, 607
List the prime factors of 3132641581.
3132641581
List the prime factors of 150950067.
3, 31, 109, 14891
What are the prime factors of 121929315?
3, 5, 137, 59333
What are the prime factors of 4049345736?
2, 3, 17, 31, 35573
List the prime factors of 214217689.
7, 569, 53783
List the prime factors of 2742401231.
523, 5243597
List the prime factors of 203388897.
3, 79, 131, 6551
What are the prime factors of 1715035151?
1033, 1660247
List the prime factors of 5104378275.
3, 5, 68058377
What are the prime factors of 55917290?
2, 5, 11, 13, 39103
List the prime factors of 267659340.
2, 3, 5, 13, 343153
What are the prime factors of 297913451?
11, 27083041
List the prime factors of 15581016.
2, 3, 11, 103, 191
What are the prime factors of 2806678538?
2, 797, 1760777
List the prime factors of 4962117.
3, 1654039
What are the prime factors of 46170477?
3, 1103, 4651
List the prime factors of 1293529572.
2, 3, 29, 1239013
What are the prime factors of 96216573?
3, 71, 197, 2293
What are the prime factors of 6180797718?
2, 3, 114459217
What are the prime factors of 26864421?
3, 8954807
What are the prime factors of 952730614?
2, 11, 1733, 24989
List the prime factors of 529300299.
3, 11, 149, 107647
List the prime factors of 1082784243.
3, 37, 9754813
What are the prime factors of 61209071?
7, 11, 794923
What are the prime factors of 91003540?
2, 5, 19, 71, 3373
List the prime factors of 36891496.
2, 17, 271261
List the prime factors of 383405822.
2, 71, 131, 20611
What are the prime factors of 1242754273?
17021, 73013
List the prime factors of 116814414.
2, 3, 4091, 4759
What are the prime factors of 16665755?
5, 19, 31, 5659
What are the prime factors of 133542943?
79, 331, 5107
List the prime factors of 4104294896.
2, 13, 503, 39229
What are the prime factors of 5417010809?
7, 2687, 41143
List the prime factors of 1869757136.
2, 13, 29, 401, 773
List the prime factors of 23694160.
2, 5, 7, 29, 1459
List the prime factors of 167457242.
2, 17, 4925213
What are the prime factors of 3619281?
3, 31, 38917
What are the prime factors of 7930433011?
2083, 3807217
List the prime factors of 184558787.
7, 26365541
What are the prime factors of 817956465?
3, 5, 54530431
What are the prime factors of 64479794?
2, 32239897
List the prime factors of 2237691852.
2, 3, 11, 29, 64951
What are the prime factors of 26736276?
2, 3, 7, 318289
List the prime factors of 132047168.
2, 11, 53, 3539
What are the prime factors of 1871446705?
5, 19, 29, 47, 97, 149
List the prime factors of 2277160939.
29, 78522791
List the prime factors of 2360060471.
19, 269, 409, 1129
What are the prime factors of 520524870?
2, 3, 5, 17, 359, 2843
What are the prime factors of 322303427?
8779, 36713
List the prime factors of 1590258260.
2, 5, 79512913
What are the prime factors of 45310278?
2, 3, 13, 580901
List the prime factors of 653846230.
2, 5, 65384623
List the prime factors of 133913190.
2, 3, 5, 4463773
What are the prime factors of 464926221?
3, 691, 74759
List the prime factors of 43195791.
3, 743, 19379
List the prime factors of 24013475.
5, 47, 107, 191
List the prime factors of 1430045948.
2, 89, 4016983
What are the prime factors of 112108918?
2, 6079, 9221
List the prime factors of 40048887.
3, 13349629
List the prime factors of 89531561.
7, 3299, 3877
List the prime factors of 6434992.
2, 523, 769
What are the prime factors of 52088524?
2, 29, 251, 1789
List the prime factors of 253058275.
5, 10122331
List the prime factors of 2686084159.
11, 244189469
List the prime factors of 934909933.
499, 1873567
What are the prime factors of 653452889?
653452889
List the prime factors of 441622082.
2, 11, 20073731
What are the prime factors of 402931303?
402931303
What are the prime factors of 527880363?
3, 19, 9261059
What are the prime factors of 52937909?
4129, 12821
What are the prime factors of 848046317?
23, 36871579
What are the prime factors of 248320666?
2, 11, 17, 663959
What are the prime factors of 2627122660?
2, 5, 619, 212207
List the prime factors of 3060805229.
317, 1051, 9187
List the prime factors of 556577966.
2, 7, 23, 246929
List the prime factors of 9032530.
2, 5, 13, 69481
What are the prime factors of 1190336571?
3, 109, 193, 6287
What are the prime factors of 1429941825?
3, 5, 13, 17, 149, 193
What are the prime factors of 15778089?
3, 227, 7723
What are the prime factors of 2085127810?
2, 5, 208512781
What are the prime factors of 4470236026?
2, 1063, 2102651
List the prime factors of 42050691.
3, 1557433
What are the prime factors of 3037524848?
2, 59, 359, 8963
What are the prime factors of 705321999?
3, 887, 9817
What are the prime factors of 74754730?
2, 5, 7475473
What are the prime factors of 959147691?
3, 319715897
What are the prime factors of 44163101?
44163101
What are the prime factors of 65606953?
563, 116531
List the prime factors of 187588800.
2, 3, 5, 7, 1861
List the prime factors of 421951178.
2, 11, 1321, 14519
List the prime factors of 11409735.
3, 5, 760649
What are the prime factors of 6362600665?
5, 1272520133
What are the prime factors of 44013681?
3, 71, 68879
List the prime factors of 14283045.
3, 5, 7, 45343
List the prime factors of 1003165401.
3, 7, 19, 23, 109313
What are the prime factors of 2173847?
13, 19, 677
List the prime factors of 91479447.
3, 43, 236381
What are the prime factors of 130308467?
2029, 64223
What are the prime factors of 87986839?
87986839
What are the prime factors of 36792415?
5, 11, 307, 2179
What are the prime factors of 2495989093?
13, 19, 809, 12491
List the prime factors of 1924841221.
1924841221
What are the prime factors of 123735940?
2, 5, 43, 143879
What are the prime factors of 122860975?
5, 103, 47713
List the prime factors of 60678210.
2, 3, 5, 19, 106453
What are the prime factors of 5961746182?
2, 7, 4621, 92153
List the prime factors of 22879448.
2, 83, 34457
What are the prime factors of 955834591?
1069, 894139
What are the prime factors of 3417075087?
3, 5419, 210191
List the prime factors of 1389798617.
1389798617
What are the prime factors of 485848503?
3, 7, 2570627
List the prime factors of 3671157520.
2, 5, 191, 240259
What are the prime factors of 331516481?
7577, 43753
List the prime factors of 159151093.
17, 9361829
What are the prime factors of 884833761?
3, 7, 29, 50101
List the prime factors of 8623847097.
3, 958205233
List the prime factors of 3628220.
2, 5, 37, 4903
What are the prime factors of 3122273514?
2, 3, 520378919
List the prime factors of 127205329.
41, 67, 46307
What are the prime factors of 2451061851?
3, 7, 103, 1133177
List the prime factors of 4261547766.
2, 3, 7, 43, 2359661
List the prime factors of 1058565919.
73, 14500903
List the prime factors of 459061520.
2, 5, 5738269
List the prime factors of 1471161770.
2, 5, 13, 11316629
List the prime factors of 891826969.
11, 81075179
List the prime factors of 538509160.
2, 5, 7, 491, 3917
List the prime factors of 25633985.
5, 13, 394369
List the prime factors of 355872584.
2, 19, 107, 21881
What are the prime factors of 86608739?
7, 1451, 8527
What are the prime factors of 44317227?
3, 14772409
List the prime factors of 371884997.
11, 2999, 11273
List the prime factors of 1413831575.
5, 13, 4350251
What are the prime factors of 154631830?
2, 5, 17, 909599
What are the prime factors of 1255430459?
23, 151, 223, 1621
List the prime factors of 8418739.
7, 171811
List the prime factors of 583928556.
2, 3, 1123, 43331
List the prime factors of 1339935797.
37, 151, 239831
What are the prime factors of 24534224?
2, 11, 13, 10723
What are the prime factors of 318869373?
3, 1741, 61051
What are the prime factors of 185144571?
3, 73, 281803
List the prime factors of 936462215.
5, 13, 19, 758269
What are the prime factors of 7048690704?
2, 3, 11, 881, 5051
List the prime factors of 1110054258.
2, 3, 67, 920443
What are the prime factors of 91015717?
13, 29, 241421
List the prime factors of 444491337.
3, 53, 2795543
List the prim